Let x(z) = 6*z + 128. What is x(10)?
188
Let m(h) = -h + 39. What is m(86)?
-47
Let v(m) = 32*m + 76. Give v(-5).
-84
Let t(y) = 128*y + 127. What is t(0)?
127
Let j(y) = -2*y**2 + 12*y + 143. Give j(12).
-1
Let h(c) = -22*c**2 - 4*c + 1. Calculate h(3).
-209
Let n(g) = 715*g + 13575. Determine n(-19).
-10
Let k(p) = 379*p + 11366. Give k(-30).
-4
Let v(r) = -311*r - 935. Give v(-3).
-2
Let i(l) = -l**2 - 55*l + 966. Give i(14).
0
Let g(q) = 202*q - 3186. What is g(16)?
46
Let c(f) = -2*f**3 + 29*f**2 - 103*f - 4. What is c(7)?
10
Let g(p) = p**3 - 12*p**2 - 64*p - 2. Determine g(16).
-2
Let x(j) = -3*j**2 - 111*j - 558. Give x(-6).
0
Let y(l) = -46*l**2 + 720*l + 254. Give y(16).
-2
Let h(a) = -242*a - 489. Calculate h(-2).
-5
Let k(j) = -j**2 + 54*j + 142. Calculate k(57).
-29
Let g(q) = -7*q**2 + 120*q - 49. Calculate g(17).
-32
Let y(n) = -2*n**2 + 92*n - 661. Calculate y(8).
-53
Let q(j) = j**2 - 8*j - 1625. Determine q(44).
-41
Let p(s) = 20*s + 88. Calculate p(-2).
48
Let i(t) = -11*t - 38. What is i(11)?
-159
Let c(u) = 10*u**3 + 5*u**2 + 11*u - 5. Determine c(-2).
-87
Let n(v) = -96*v**2 + 320*v - 21. What is n(4)?
-277
Let x(t) = -139*t**2 + 55*t - 4. Give x(1).
-88
Let z(a) = -5*a + 20. Determine z(20).
-80
Let g(k) = -k**3 + 7*k**2 - 3*k - 11. Calculate g(6).
7
Let m(n) = -151*n - 3002. Give m(-23).
471
Let i(p) = -p**3 + 18*p**2 - 67*p + 7. Give i(13).
-19
Let m(i) = -2*i**2 + 9*i + 16. Give m(11).
-127
Let y(t) = -3*t - 79. What is y(-27)?
2
Let p(z) = 2*z**2 + 39*z - 282. Give p(-25).
-7
Let p(j) = -33*j**2 - 327*j + 134. Determine p(-10).
104
Let m(g) = g**2 + 108*g + 1052. Calculate m(-11).
-15
Let o(w) = 12*w + 77. Calculate o(12).
221
Let h(j) = j**3 + 12*j**2 - 255*j - 40. Give h(-23).
6
Let m(b) = -b**3 + 5*b**2 + 46*b - 272. What is m(9)?
-182
Let u(k) = 43*k - 87. What is u(3)?
42
Let x(n) = -n**3 + 3*n**2 + 3*n - 19. What is x(3)?
-10
Let q(m) = 2177*m - 88. What is q(0)?
-88
Let z(g) = -55*g + 24. What is z(-4)?
244
Let b(o) = -9*o - 70. Calculate b(-5).
-25
Let o(h) = -214*h - 2790. What is o(-13)?
-8
Let z(u) = 45*u + 34. Give z(-1).
-11
Let o(v) = -v**2 - 46*v + 528. Calculate o(-56).
-32
Let n(u) = -6*u**3 + 3*u**2 - 9*u + 7. Calculate n(1).
-5
Let a(n) = 15*n**2 - 3413*n + 1814. Calculate a(227).
-2
Let a(o) = o**3 - 14*o**2 - 194*o - 307. What is a(23)?
-8
Let r(y) = -3*y**2 - 64*y + 778. Calculate r(-30).
-2
Let d(r) = -86*r - 778. Give d(-9).
-4
Let z(f) = -f**2 - 6*f + 75. Give z(5).
20
Let a(z) = -25*z**2 - 3*z - 5. Give a(6).
-923
Let r(y) = 5*y**2 + 26*y - 16. Calculate r(-9).
155
Let k(r) = 2*r**3 + 3*r**2 - 21*r + 35. Determine k(2).
21
Let x(g) = -27*g + 146. What is x(5)?
11
Let b(r) = -r**2 - 41*r - 407. Calculate b(-16).
-7
Let f(k) = -k**3 - 3*k**2 + 7*k - 56. Calculate f(5).
-221
Let i(y) = -7706*y - 238894. What is i(-31)?
-8
Let t(d) = 236*d - 1409. Give t(6).
7
Let t(z) = z**3 + 17*z**2 + z + 33. Give t(-17).
16
Let u(q) = -q**3 + 18*q**2 - 2*q - 37. Give u(17).
218
Let p(b) = 2*b**2 + 72*b + 114. What is p(-34)?
-22
Let z(n) = -n**3 + n**2 + 26*n + 6. Give z(-4).
-18
Let h(y) = -2283*y - 13698. What is h(-6)?
0
Let c(b) = b**3 - 18*b**2 + 252*b - 9501. Give c(24).
3
Let f(j) = -21*j**2 + 648*j + 105. Determine f(31).
12
Let r(n) = -n**3 - 24*n**2 - 35*n - 44. Give r(-22).
-242
Let z(p) = -34*p - 163. What is z(-7)?
75
Let w(x) = 161*x + 2281. Calculate w(-14).
27
Let p(w) = 407*w - 8103. Give p(20).
37
Let x(z) = z - 111. Give x(17).
-94
Let l(y) = -75*y + 377. Calculate l(5).
2
Let f(y) = y**3 + 38*y**2 + 120*y - 541. Determine f(-34).
3
Let y(z) = 2*z**3 + 15*z**2 - 8*z + 153. What is y(-9)?
-18
Let q(j) = -38*j**2 + 119*j - 31. Determine q(3).
-16
Let j(d) = -d**3 - 36*d**2 + 36*d + 63. Give j(-37).
100
Let f(h) = 1951*h + 1958. Determine f(-1).
7
Let d(f) = 122*f + 870. Give d(-7).
16
Let v(k) = k**2 - 9*k + 65. Calculate v(5).
45
Let y(h) = h**3 - 23*h**2 - 32*h + 29. Calculate y(23).
-707
Let v(c) = -93*c**2 + 567*c - 50. Determine v(6).
4
Let b(v) = 199*v + 210. What is b(-2)?
-188
Let y(t) = 151*t - 988. What is y(7)?
69
Let x(q) = -q**2 + 18*q + 94. Determine x(-4).
6
Let r(x) = -x**2 - 12*x + 61. Calculate r(-12).
61
Let t(b) = -689*b + 1304. Calculate t(2).
-74
Let g(f) = f**2 - 27*f + 115. Determine g(19).
-37
Let d(s) = -5*s**2 - 244*s + 315. Determine d(-50).
15
Let g(z) = -14*z**3 + z**2 + 4*z - 4. Calculate g(-2).
104
Let r(i) = -7*i**2 - 63*i + 55. What is r(-10)?
-15
Let z(c) = -c**3 - c. Calculate z(1).
-2
Let b(h) = -6*h**2 + 50*h + 61. Give b(12).
-203
Let l(h) = h**3 - 19*h**2 + 2*h - 17. What is l(0)?
-17
Let y(g) = -g**3 + 96*g**2 - 285*g + 421. Calculate y(93).
-137
Let l(v) = 3*v - 20. Give l(11).
13
Let y(k) = -1097*k - 4257. Give y(-4).
131
Let o(b) = 101*b - 1586. Determine o(17).
131
Let l(o) = 1995*o + 221443. What is l(-111)?
-2
Let c(q) = q**3 + 233*q**2 + 35*q + 8162. Calculate c(-233).
7
Let s(t) = -6*t**2 + 36*t - 42. Determine s(5).
-12
Let p(j) = -49*j**3 - 2*j**2 + j - 1. Determine p(1).
-51
Let w(r) = 275*r - 919. Determine w(3).
-94
Let c(p) = -29*p**2 + 4875*p - 507. Determine c(168).
-3
Let i(p) = 2*p**2 + 47*p - 2711. Determine i(27).
16
Let k(b) = -b**3 - b**2 + 2*b + 38. What is k(3)?
8
Let o(s) = 326*s + 1430. Determine o(-6).
-526
Let l(p) = 432*p - 9486. What is l(22)?
18
Let d(z) = 7666*z - 68994. Determine d(9).
0
Let x(v) = -v**3 + v**2 + 33*v + 6. Give x(-5).
-9
Let s(z) = -z**2 + 63*z - 1020. Give s(30).
-30
Let z(s) = s**3 - 72*s**2 - 1109*s + 322. What is z(85)?
-18
Let k(d) = 48*d - 251. Determine k(5).
-11
Let q(b) = b**3 + 69*b**2 + 370*b - 517. Determine q(-63).
-13
Let z(u) = -212*u - 103. Determine z(-3).
533
Let i(z) = 5*z**3 + 3*z**2 - 49*z + 5. Give i(4).
177
Let z(u) = -5*u**2 + 638*u - 1009. What is z(126)?
-1
Let c(z) = -99*z + 158. Give c(6).
-436
Let y(r) = 5*r**2 + 40*r + 2. Calculate y(8).
642
Let l(c) = -8*c**2 + 24*c - 65. Give l(3).
-65
Let j(u) = -226*u + 107798. Give j(477).
-4
Let d(t) = 90*t + 1712. Calculate d(-19).
2
Let d(y) = -6*y**2 - y - 9. Determine d(0).
-9
Let o(x) = 76*x - 1519. What is o(20)?
1
Let y(x) = 4*x**3 + 34*x**2 - 109*x - 2. What is y(-11)?
-13
Let b(m) = -3*m**2 - 56*m - 122. Give b(-24).
-506
Let k(g) = -g**2 - 100*g - 2275. Give k(-35).
0
Let p(c) = 5*c**2 - 150*c + 127. Determine p(29).
-18
Let u(z) = 12*z**2 - 81*z - 14. Calculate u(7).
7
Let v(a) = 22*a - 1755. Calculate v(79).
-17
Let m(h) = -3*h**2 + 32*h + 1. Calculate m(22).
-747
Let y(h) = 4*h**3 + 8*h**2 - 11*h - 7. Determine y(-4).
-91
Let l(b) = 1300*b - 10409. What is l(8)?
-9
Let p(w) = -w**2 - 1487*w + 33196. Give p(22).
-2
Let q(d) = -5940*d - 17846. What is q(-3)?
-26
Let g(c) = -c**2 - 30*c - 10. Determine g(-8).
166
Let z(s) = s**3 - 37*s**2 - 61*s - 671. What is z(39)?
-8
Let f(s) = 12*s - 348. Determine f(30).
12
Let g(a) = 2*a + 193. Give g(-43).
107
Let z(c) = c**2 - 111*c + 1813. Determine z(20).
-7
Let g(t) = 871*t - 3486. Give g(4).
-2
Let m(i) = 39*i + 100. Give m(-1).
61
Let o(t) = 112*t**2 + t - 63. Calculate o(0).
-63
Let d(l) = l**3 - 10*l**2 - 5*l + 127. Give d(9).
1
Let m(h) = -h**2 - h + 15. Give m(5).
-15
Let u(x) = 6*x**2 + 24*x - 19. What is u(1)?
11
Let j(w) = -20*w**2 + 673*w + 311. What is j(34)?
73
Let v(a) = a**3 - 13*a**2 + 76*a - 1593. What is v(15)?
-3
Let k(w) = -w**2 - 25*w + 210. Give k(-28).
126
Let n(j) = -2*j**3 + 46*j**2 - 14*j + 329. Calculate n(23).
7
Let d(x) = -x**2 + 107*x - 696. Determine d(7).
4
Let f(p) = -p**2 + 12*p - 23. Determine f(10).
-3
Let g(n) = n**3 + 5*n**2 - 36*n + 27. Determine g(-9).
27
Let j(i) = 13*i - 278. Determine j(26).
60
Let f(i) = -15*i + 375. What is f(35)?
-150
Let q(p) = -p**3 + 99*p**2 - 895*p + 379. Calculate q(89).
-66
Let h(l) = -5*l**2 - 77*l + 28. What is h(-12)?
232
Let v(b) = -3*b**3 + 564*b**2 - 6*b + 1158. Determine v(188).
30
Let s(n) = n**2 + 13*n - 2368. What is s(-56)?
40
Let i(g) = g**3 - g**2 - 86*g - 2. Determine i(-11).
-508
Let t(c) = -7*c**3 - 75*c**2 + 28*c - 12. Calculate t(-11).
-78
Let l(n) = 50*n**2 - 4*n + 1. Determine l(1).
47
Let u(q) = 2*q**2 - 7*q - 116. Calculate u(-7).
31
Let v(j) = j**3 - 6*j**2 - 33*j + 192. Determine v(6).
-6
Let t(x) = -58*x + 359. Calculate t(8).
-105
Let h(z) = 39*z + 181. Give h(-5).
-14
Let u(g) = -g